 divided by n?
4
Let v = 11488 + -5821. Calculate the remainder when v is divided by 30.
27
Let t(g) = -17*g - 2. Let w = -767 - -792. Suppose 65 = 5*k + 3*p, -4*k + k + p + w = 0. What is the remainder when t(-2) is divided by k?
2
Let a(z) = 8*z**3 + 22*z**2 - 10*z + 3. Suppose -126 = -4*x - 2*q + 220, 0 = -3*q - 3. Calculate the remainder when x is divided by a(-3).
12
Suppose 4*j - 1452 = -686*v + 685*v, -5*v + 1123 = 3*j. Suppose 4*g + 150 = 5*s, -g = 3*s + 2*s - 125. Calculate the remainder when j is divided by s.
23
Let c = -16433 + 16566. Suppose -2*q + 7*q - 345 = 0. What is the remainder when c is divided by q?
64
Let g be (-1053)/(-18) + (-3)/(-18)*3. Let s = 232 - g. What is the remainder when s is divided by 16?
13
Let f be 8/2*(393/6 + 5). Suppose 33*o = 39*o - f. Calculate the remainder when 166 is divided by o.
25
Let p = 47 + -14. Let n(b) = b**2 + 30*b + 62. Calculate the remainder when p is divided by n(-28).
3
Let q be 255*(-2)/(-27) - 5/(-45). Suppose q*k - 2100 = 5*k. What is the remainder when k is divided by 9?
6
Let i(f) = 5*f**2 - 2*f + 3. Let v be i(1). Suppose 4*p - r - 6 = v, -3*r = 12. Calculate the remainder when 30 is divided by (12/15)/(p/20).
6
Let o(p) = -3*p**3 - 6*p**2 + p - 1. Suppose -4*g + 6 = -5*g - a, 2*g + 4*a = -18. What is the remainder when o(g) is divided by 12?
11
Let r(k) = 3*k**2 + 208*k + 1890. Calculate the remainder when r(-9) is divided by 64.
5
Suppose 490 + 1148 = -26*b. Let u = b - -99. Calculate the remainder when u is divided by 24.
12
Suppose 38 = -3*k - 7. Let v = k - -43. Suppose -v = -d - 5. What is the remainder when d is divided by 10?
3
What is the remainder when ((-385)/(-21))/(18/324) is divided by 100?
30
Let r = 95 + -107. Calculate the remainder when ((-51)/12)/(r/624) is divided by 57.
50
What is the remainder when (882/28)/9*(0 - -160) is divided by 99?
65
Let g be (44/6)/((-2)/(-3)). Suppose 0 = 10*u - g - 1309. Suppose -9*x - u = -11*x. What is the remainder when x is divided by 17?
15
Suppose 5*h = 2*t + 1317, -h + 4*t - 2*t = -265. Let v = h - 130. What is the remainder when v is divided by 20 + 1 + 5 + (-8 - -9)?
25
Let x(i) = -2*i**2 - 3*i + 77. Suppose -100*b = -99*b. Let t be x(b). Let y = t + -56. What is the remainder when 74 is divided by y?
11
Let p be 1/(2/76 + 0). Suppose -p = i - 3*i. Let b = -4062 - -4153. Calculate the remainder when b is divided by i.
15
Calculate the remainder when 3263 is divided by ((-546)/(-819))/((-4)/(-54)).
5
Suppose 2*n + 2*n - 8 = 0, 3*n - 526 = -4*t. Suppose t*x - 138*x + 240 = 0. Calculate the remainder when 58 is divided by x.
28
Suppose 0 = -2*z + 2*n + 3*n + 354, -2*n - 692 = -4*z. Suppose 4*g = -5*m + 189, 698*m + 26 = g + 695*m. Calculate the remainder when z is divided by g.
8
Let h = -202 - -207. Suppose -h*t = -5*y + 355, y - 2*t - 69 = 4. Calculate the remainder when y is divided by 18.
15
Let v be (329/(-94))/((-2)/8). Calculate the remainder when ((-66)/(2 - -1))/(v/(-42)) is divided by 21.
3
Let j(q) = -110*q**2 - 669*q - 1. Calculate the remainder when 2025 is divided by j(-6).
11
Let h(i) = i**2 - 3*i + 3. Let z be h(5). Suppose -z + 10 = -j. Suppose 5*g - 14 = j*g. Calculate the remainder when 15 is divided by g.
1
Suppose -4*m + 43 = w, -3*w + 5*w = -m + 9. Calculate the remainder when 174 is divided by m.
9
Let r(o) = -o**3 - 5*o**2 + 5*o - 18. Let m be r(-6). What is the remainder when 16 is divided by (-50)/m - 25/(-30)?
1
Let i be (10 - 4)/(2 - (2 + 2)). Let d be 27/(i/56*(-13 + 9)). Suppose 0 = 5*o - o + 4, 3*r + 3*o = d. What is the remainder when 84 is divided by r?
41
Suppose 24*g - 5460 = 4*g. What is the remainder when g is divided by 140?
133
Let j(z) = 54*z**2 + 98*z + 366. What is the remainder when j(-18) is divided by 70?
68
Suppose 5 = -g + 4, -4*g - 336 = -4*n. Let d(r) = -2*r - 182. Let c be d(-138). Let i = c - n. What is the remainder when 18 is divided by i?
7
Suppose 2*k = 6*k - 3*y - 326, 0 = 2*k - 9*y - 178. What is the remainder when 343 is divided by k?
23
Suppose 4*w - 5*c = 2*w + 16, 0 = c. Let t(n) = 4*n**2 - 12*n + 8. Calculate the remainder when t(w) is divided by 29.
23
Let z = -186 + 178. Calculate the remainder when 6/z*4040/(-15) is divided by 34.
32
Suppose 31*k - 54464 = -33*k. Let n = k + -831. Calculate the remainder when n is divided by 14.
6
Suppose -3*j + v = -872, v = 4*j + 62 - 1224. Suppose 6216 - 22933 = -229*u. Calculate the remainder when j is divided by u.
71
Let m = 198 - 188. Suppose 7*u - 306 = -m*u. Calculate the remainder when u is divided by 11.
7
Let j = 4546 + -4127. Calculate the remainder when j is divided by 47.
43
Let k = -297416 - -297466. Suppose -2*t + 31 = 5. Let i = -2 + t. Calculate the remainder when k is divided by i.
6
Let m(w) = -w**3 - 13*w**2 - 21*w + 11. Let p be m(-11). Suppose -5*b - h + 58 = p, 2*b - 34 = h - 8. What is the remainder when 405 is divided by b?
9
Let u be -1*(0 + 1)*(4 - -3). What is the remainder when 67 is divided by 19/(u/49*-7)?
10
Suppose 77 = 5*v - 4*v - 2*y, -5*v + 4*y + 379 = 0. What is the remainder when 445 is divided by v?
70
Let r = 16197 + -15821. What is the remainder when r is divided by 144?
88
Let m(a) = a**2 - 12. Let z = 48 + -52. Let n be m(z). Suppose 0 = 2*u - 0*b + n*b - 138, 180 = 3*u - 3*b. Calculate the remainder when u is divided by 16.
15
Let i(z) = 2*z**2 - z - 3. Let d be i(2). Suppose -4*q - 41 - d = 0. Let t = q + 20. Calculate the remainder when 44 is divided by t.
8
Suppose 4*s + p = 780, 4*p = -2*s + 7*p + 390. Suppose 0 = -5*t + 4*o + s, o - 134 = 2*t - 5*t. Calculate the remainder when 127 is divided by t.
41
Let h(k) = k**2 + 9*k + 12. Let c be h(-8). Suppose -c*j + 0*j - 16 = 0. Calculate the remainder when 6/j - (-663)/6 is divided by 14.
11
Suppose -68 = -4*a - 2*f, 6*f - 3 = -a + 2*f. Suppose 3*t - 192 = -3*q - 54, 61 = q + 4*t. What is the remainder when ((-10)/(-50) - 62/10) + q is divided by a?
16
Let g = -41 + 95. Suppose 1908 = 3*v + 5*b, 9*b + 1346 = -14*v + 16*v. What is the remainder when v is divided by g?
52
Let m = 1023 - 573. Calculate the remainder when m is divided by 61.
23
Let y(a) = 4*a**2 - 42*a + 35. Suppose -2*r + w = r + 14, 3*w = 4*r + 12. What is the remainder when -1*59*r/6 is divided by y(10)?
14
Suppose 58*z - 1271 = 436 - 315. What is the remainder when 77/2*(2 + 0) is divided by z?
5
Calculate the remainder when (154/21 + 2 - 8)*111 is divided by 64.
20
Let w(z) = -3*z**2 + 62*z - 157. Let a = 1351 + -1334. Suppose -3*c - 5*j + 8 = 0, 0 = c + j + 2 - 8. What is the remainder when w(a) is divided by c?
8
Let p = 2870 - 2793. Calculate the remainder when 227 is divided by p.
73
Suppose 4*p - 10456 = 11*n + 31890, 0 = -2*p - 3*n + 21156. What is the remainder when p is divided by 56?
53
Let w be 2*2*140/112. Suppose 3*g - 8*g + 145 = 5*n, -w*g = -5*n + 155. Calculate the remainder when n is divided by 6.
0
Suppose 41 = m - 2*x - 70, 0 = m - 5*x - 105. Let p = m + -75. Calculate the remainder when p is divided by 14 - ((-2)/(-3) - 6/9).
12
Suppose -30788 = -71*j + 9753. Calculate the remainder when j is divided by 206.
159
Let u = 13 - 18. Let m(q) = q**2 - q + 4. Let k = -2936 + 3002. Calculate the remainder when k is divided by m(u).
32
Let s = 16637 + -16617. Calculate the remainder when 8195 is divided by s.
15
Suppose -5*y = 793 - 3298. Calculate the remainder when y is divided by 8.
5
Let y = 1171 + -1117. Calculate the remainder when 963 is divided by y.
45
Calculate the remainder when 1036 is divided by 167/5 - ((-4)/(-10) - 0).
13
Suppose -7*v + 1219 = -0*v - 475. Calculate the remainder when 967 is divided by v.
241
Suppose -4*f + 9*f - 10 = -5*k, 0 = -2*k - 4*f + 8. Suppose k = 11*r - 328 - 618. What is the remainder when r is divided by 29?
28
Suppose -2*i - 1079 = -5*u, -2*u + u - i + 213 = 0. Suppose 0 = -16*w + 40 + 456. What is the remainder when u is divided by w?
29
Let v(t) be the second derivative of -9*t + 9/2*t**2 + 0 + 7/12*t**4 + 7/6*t**3. What is the remainder when v(4) is divided by 38?
35
Let p(w) = -w**2 + 31*w + 586. Calculate the remainder when 2974 is divided by p(-11).
122
Let s = 2599 - 2561. Calculate the remainder when 185 + 1 - (-3 + 1) is divided by s.
36
Suppose m + 3*r - 2 = 0, -5*m - 3*r + 6 = -4. Let i be 5 + m